. Let x(r) = 3*b(r) + k(r). Calculate x(5).
-6
Let h(s) be the first derivative of 1 + 1/2*s**4 + s**2 - s**3 - 3*s. Let w = -38 + 40. Give h(w).
5
Let s be 2/12 - (-46)/12. Suppose m + s = 5. Let w(j) = 2*j**3 + j - 1. Determine w(m).
2
Suppose 8 = 4*l - 0. Let f(w) = -3*w - 1. Let v(r) = -12*r - 4. Suppose 6 = 6*j - 48. Let b(t) = j*f(t) - 2*v(t). Determine b(l).
-7
Suppose -3*y - 84 = -102. Let b(d) = -d**3 + 5*d**2 + 8*d - 1. Calculate b(y).
11
Let z(q) = 2954*q**3 - 2*q**2 - 2 - 2953*q**3 + 7*q**2. Suppose -4*m + m - 33 = 0. Let i = -16 - m. Calculate z(i).
-2
Let i(c) = -4*c - 3. Let z(y) = 9*y + 7. Suppose d = -0*d + 3. Let j(s) = d*z(s) + 7*i(s). What is j(5)?
-5
Let p = 9 + -16. Let w(m) = -m**3 - 6*m**2 + 9*m + 6. Determine w(p).
-8
Let g(y) = y**2 - 4*y + 1. Let t be g(3). Let u(k) = -2*k**3 - 4*k**2 - k + 2. What is u(t)?
4
Suppose 5*g = -5, 4*x + 0*g = g + 13. Let i(n) = -4*n + 3*n + 2*n**3 - n**2 - n**3 - 2 + x*n**2. Give i(-3).
-8
Let x(n) be the second derivative of n**5/60 - n**4/12 + n**3/3 - 5*n**2/2 + 3*n. Let h(s) be the first derivative of x(s). Calculate h(3).
5
Let o(d) = 2*d - 1. Suppose -6 = -2*w + 4*a, -12 = 3*a - 0. What is o(w)?
-11
Let w(u) = 5*u + 1. Let y(p) = 6*p + 2. Let j(m) = -3*w(m) + 2*y(m). Determine j(-1).
4
Let o(v) be the first derivative of -v - v**2 + 4*v + 2 - 3. What is o(5)?
-7
Let m(t) = t**2 + 5*t - 1. Suppose 0 = 3*p - 19 + 4. Suppose 2*v = -p*h - 7, h = -h + 2. Calculate m(v).
5
Let f be ((-1)/(-2))/(1/(-8)). Let s(z) = -z**3 - z**2. Let n be s(-2). Let d(k) = -3*k + 5*k - n*k - 3. What is d(f)?
5
Let r(b) = 86*b**2 - 42*b**2 - 42*b**2 + 1. Determine r(1).
3
Let f(m) = 16*m**3 + 14*m**2 - 25*m + 31. Let j(h) = 3*h**3 + 3*h**2 - 5*h + 6. Let b(w) = 2*f(w) - 11*j(w). What is b(-6)?
2
Let j = 7 - 21. Let i be (4/j)/(1/(-7)). Let n(v) = -v**3 - v**2 + 3*v - 3. What is n(i)?
-9
Let j = 5 + -3. Let v(a) = a + 13. Let x be v(-11). Let b(t) = 0*t**x - 2*t + 3*t - t**2 - 1. Give b(j).
-3
Let p be (0/5)/(3/1). Let t(d) = -d**2 + d + 7. Give t(p).
7
Let h(z) = -5*z - 9. Let m be 22/(2/(-3)*3). Let l(f) = -9*f - 17. Let p(g) = m*h(g) + 6*l(g). Calculate p(-4).
-7
Let w(g) = -g**2. Suppose 2*i + 2*n = 6*n + 34, -4*n = -5*i + 79. Let f be (-5)/i - (-22)/(-6). Let u = f + 5. Calculate w(u).
-1
Let z(h) be the second derivative of -h**3/6 - h. Give z(-5).
5
Let m = 2 - -2. Let u(a) = -a**2 - 3*a**2 - 1 - a**3 + 9*a**2 - 2*a. What is u(m)?
7
Suppose 4*r + 6 = 6*r. Suppose -w + 1 = -2*l, 4*w = -r*l - 10 + 3. Let i(m) = 3*m + 4*m**2 + 2*m + 1 - 3*m. Give i(l).
3
Let m(y) be the third derivative of y**6/60 - y**5/30 - y**4/12 + y**3/3 + 20*y**2. Calculate m(2).
6
Suppose m - 6*m = -3*u, 20 = 4*u. Let x(l) = 7*l**2 + 0 + m*l**2 - 1 + l**2. Calculate x(1).
10
Let x(d) be the first derivative of -7/2*d**2 - 4*d + 3 - 1/3*d**3. Determine x(-5).
6
Let n(w) = -2*w**2 + 5*w**2 + 1 + 3*w**2. Let f(y) = y**2 + 6*y - 6. Let c be f(-7). Give n(c).
7
Suppose 0 = -5*t - 0*y + 2*y + 45, -9 = -t - 4*y. Let l(i) = 5*i**2 - 9*i + 2*i - 4 + i**3 + t*i. Determine l(-3).
8
Let v(j) = j - 15. Let s be v(10). Let n(l) = l**2 + 8*l + 7. Determine n(s).
-8
Let s(p) = p - 2. Suppose 0*f - 2*f + 20 = 0. Let u = 11 - f. Give s(u).
-1
Suppose -d - 2 = -j, -j + 0*d - d = 6. Let t(n) be the first derivative of n**3/3 + 3*n**2/2 + n + 2. What is t(j)?
-1
Let w(q) = 6*q**2 - 2*q - 1. Let l = 3 - -2. Suppose -l*y = 2*h + 3*h + 25, 0 = 4*y + 16. Determine w(h).
7
Let g(d) be the third derivative of d**6/120 - d**5/20 - d**4/8 + d**3/3 + 3*d**2. Let p be 10/4*(1 - -1). Let k be (p + 1)*2/4. What is g(k)?
-7
Suppose -3*g - t = -11, -16 - 13 = -2*g - 5*t. Let q(d) = -3*d - 3*d + g*d**2 + 4*d - 3. Give q(3).
9
Let d = -53 + 56. Let o(i) be the first derivative of -i**3/6 - i**2 + i - 1. Let b(r) be the first derivative of o(r). Give b(d).
-5
Let i(z) = 4*z**2. Let q be i(1). Suppose 5 = q*t + t. Let p(s) = -15*s**2 + 16*s**2 - 3*s**2. Give p(t).
-2
Suppose 20 = 13*n - 19. Let g(f) = f**2 + f - 3. Determine g(n).
9
Let g(l) = -l**3 + 9*l**2 - 7*l - 3. Let z be g(8). Let k(u) = -u**2 + 4*u + 3. Give k(z).
-2
Let p(g) = 1 - 250*g + 2*g**3 + 249*g + 3*g**3 + g**2. Calculate p(1).
6
Let j(p) = 9*p**2 + 1. Suppose 3*r = 7*r - y + 19, r + 2*y = -16. Let c be (r/(-4))/((-9)/(-6)). Calculate j(c).
10
Let x(n) = -n + 1. Let d(z) = -1. Let u(w) = 5*d(w) + 4*x(w). Suppose b = -v - 0 - 1, v = -2*b - 3. Give u(v).
-5
Let n be (-184)/40 - (-6)/10. Let v(l) = 2*l + 9. Let i(z) = 2*z + 8. Let f(c) = -4*i(c) + 3*v(c). Give f(n).
3
Let d be 3*(10/(-3))/(-2). Let p(c) be the third derivative of c**4/24 - 3*c**3/2 - 39*c**2. Give p(d).
-4
Suppose 0 = 3*a - 4*a. Let g(v) be the first derivative of -2 - 1/2*v**2 - 5*v. What is g(a)?
-5
Let f = 8 + -6. Let n(p) = p**f - 4*p + p**3 + 0*p**2 + 7*p - 6*p**2. What is n(3)?
-9
Let n(q) be the third derivative of 1/60*q**5 + 3*q**2 - 1/24*q**4 + 1/3*q**3 + 0*q + 0. Let y(d) be the first derivative of n(d). What is y(3)?
5
Let j(f) = 2*f. Suppose -4*m = 9 - 37. Let b = m + -4. Give j(b).
6
Let p(t) = t**2 - 4*t - 8. Let b be (-14)/(-35) - 33/(-5). Suppose -2*u + b*u = 30. Calculate p(u).
4
Let o(w) = w**2 - w - 1. Let r be o(-1). Let s(d) = 2*d**2 - 2*d**2 + r - 4*d**2. Determine s(-1).
-3
Let h be -5*2*1/(-5). Let r(x) be the third derivative of x**5/30 - x**4/8 + x**3/3 - 2*x**2. Calculate r(h).
4
Let v(k) = 3*k - 5*k + 0*k. Let t be (-2)/3 - -1*(-5)/15. Give v(t).
2
Let z(r) = -r**2 + 5*r + 7. Let v(b) = -b**2 - 5*b + 1. Let u be v(-4). Determine z(u).
7
Let q(y) = 4*y**2 + 3*y + 7. Let h(d) = -d**2 - d. Let x(w) = -3*h(w) - q(w). Suppose -12 = t - 4*t, 3*l - 20 = -5*t. What is x(l)?
-7
Suppose -83*h + 80*h - 18 = 0. Let l(q) = 3*q. Calculate l(h).
-18
Let x(a) = -14 + 13 + 2*a**2 + a**2 - 2*a. Let z = 2 - -1. Suppose -2*o + 5 = -5*h, -5*o = 3*h - o + z. Give x(h).
4
Let j(h) be the third derivative of h**4/24 - h**3/3 + h**2. Determine j(4).
2
Let b(r) be the third derivative of r**4/12 + 2*r**3/3 + 6*r**2. Let n be 1/(-4) - 13/(-4). Suppose -n = 3*l + 9. Calculate b(l).
-4
Let q = 0 - 0. Let p be 17 - (2 + 1 + -3). Let l(y) = 3*y + 18. Let a(r) = -r - 6. Let n(k) = p*a(k) + 6*l(k). Determine n(q).
6
Let s(k) be the first derivative of 2*k**5/5 + k**4/12 - k**2/2 + 3*k - 1. Let j(d) be the first derivative of s(d). What is j(-1)?
-8
Let o(d) = d + 4. Let b be o(-5). Let s(a) be the second derivative of a**4/2 + a**3/3 + a**2/2 - 9*a + 5. What is s(b)?
5
Let z(n) be the first derivative of 1 + 3/2*n**2 + n. Suppose -6*w = -0*w - 12. What is z(w)?
7
Let u = -16 + 21. Let n(v) = v - v + 3 - v. Determine n(u).
-2
Let j(n) be the first derivative of -n**2/2 - 2*n - 2. Determine j(5).
-7
Suppose -72 = -3*y - 18. Let r = y - 19. Let l(j) = -j**2 + j. Determine l(r).
-2
Let d(m) = m**2 - 5*m + 3. Let a(k) = -k - 3. Suppose 2*u - 2 + 14 = 0. Let f be a(u). Calculate d(f).
-3
Let l(u) = 2*u - 2. Let n(i) = 5*i - 15. Let p(c) = 2*c - 8. Let h(z) = 3*n(z) - 5*p(z). Let t(s) = -3*h(s) + 7*l(s). What is t(1)?
0
Let p(c) = -10*c**2 + 3 + 2 - 4 + 9*c**2. Determine p(4).
-15
Let r(y) = -y**2 + 7. Let d(z) = -z**2 + 6*z. Let k = 31 - 1. Suppose o = -4*o + k. Let x be d(o). Determine r(x).
7
Let p(u) = -2*u**2 - u + 2. Let c = 18 + -20. Give p(c).
-4
Suppose 5*w + 2 = -4*t, 5*w + t + 7 - 14 = 0. Let l(i) = 0*i + i**w + 2 + i - 7*i + 4. Determine l(4).
-2
Let w = -69 + 97. Let b be (-2)/(-3)*126/w. Let i(o) = -o - 1. Calculate i(b).
-4
Let b(j) = 5*j**2 + 10*j + 11. Let v(n) = -9*n**2 - 19*n - 21. Let x(u) = -11*b(u) - 6*v(u). Let o = 12 + -6. What is x(o)?
-7
Let q(b) = 4*b**2 - b + 1. Suppose 6*c - 2*c = -16. Let x be ((-2)/10)/(c/20). Suppose j = -0*j + x. What is q(j)?
4
Suppose -11*r + 9*r + 12 = 0. Suppose -r + 1 = z. Let f(v) be the second derivative of -v**4/12 - 2*v**3/3 + 5*v**2/2 + v. Give f(z).
0
Let p(c) = -c**2 + 5*c - 4. Suppose 5*w + 5 = 0, -2*o = -5*o - w + 14. Give p(o).
-4
Let z(b) = 3*b**2 - 4*b + 3. Let o = 2 + 1. Let q = -1 + o. What is z(q)?
7
Suppose 9 = -7*t - 5. Let b = 8 + -6. Let x(z) = -1 - 8*z**2 - b*z**3 + 3*z**3 + z + 11*z**2. Give x(t).
1
Let k(z) = 0*z + z**2 + 3*z**3 - 2 - 6*z**3 + 2*z**3 - 3*z. What is k(-2)?
16
Let h(l) be the third derivative of l**6/30 + l**5/60 - l**4/24 + l**3/6 - 5*l**2 - 4. Calculat